9. Let d be (8/(-10))/((-4)/80). Calculate the greatest common factor of o and d.
16
Let q = 1344 + -631. What is the highest common factor of q and 23?
23
Suppose 0*q - 11*q + 220 = 0. Calculate the highest common divisor of q and 500.
20
Let q be (51/(-4))/((6 + -18)/192). What is the greatest common factor of 357 and q?
51
Suppose 801*q + 3542 = 808*q. What is the greatest common divisor of q and 138?
46
Suppose -2057 = -2*r + w - 251, 0 = 5*r - 5*w - 4525. What is the highest common divisor of r and 53?
53
Suppose 4*p - 18*p = -2002. What is the greatest common factor of p and 52?
13
Let o(k) = k**3 + 9*k**2 + k + 7. Suppose 3*p = -p - 36. Let v be o(p). Let h be ((-96)/18)/(v/24). What is the greatest common divisor of 8 and h?
8
Suppose -4*l = g - 50, l + 87 = 3*g - 50. Suppose b = g + 29. Suppose -b = -2*p + 25. What is the greatest common divisor of 20 and p?
10
Suppose 2*j = -3*r - 3, -4*j + 4*r = -j - 21. Suppose 527 = 5*c - c - j*d, -4*c + 5*d = -537. Calculate the highest common factor of 16 and c.
16
Suppose 4 = 6*i - 8*i. Let f(j) = -149*j - 4. Let q be f(i). Calculate the highest common divisor of q and 42.
42
Suppose 3*c - 161 = -47. Let b = c - 33. What is the greatest common divisor of 20 and b?
5
Let n(b) = -3*b**3 - 4*b**2 - 4*b - 4. Let i be n(-2). Suppose 3*u = -0*u + 12. What is the highest common factor of u and i?
4
Let c = -153 + 273. Suppose 5 = k - a - 10, 0 = -2*k - 3*a + 55. What is the highest common divisor of c and k?
20
Let u be (-4 - -2) + 1 + 57. Let b = 776 - 768. What is the greatest common factor of u and b?
8
Let x be (-8)/(-44) + 172/22. Let p be 107 + -1 + (-3 + 1 - 0). Calculate the highest common divisor of x and p.
8
Suppose -11*z + 1434 + 425 = 0. Suppose -2*x = -42 - 10. What is the highest common divisor of z and x?
13
Let d = -161 - -165. What is the greatest common divisor of 90 and d?
2
Suppose -4*q + 4*i + 40 = 0, -5*i + 27 - 7 = 5*q. What is the greatest common factor of 301 and q?
7
Suppose 4*t = 13*t - 1458. Suppose 3*x - 35 = 19. Calculate the greatest common divisor of x and t.
18
Let p = 2 + 6. Suppose 0 = -6*w + 121 - 397. Let s be (w/p)/((-6)/24). What is the highest common factor of 23 and s?
23
Let x be (-4726)/(-119) - ((-36)/(-21) - 2). What is the highest common factor of x and 1000?
40
Let d be 5*(1 + 255/(2 - 1)). What is the greatest common divisor of 20 and d?
20
Let g(v) = 15*v**2 + 4*v - 13. Let t be -4 - (72/(-3))/4. Let b be g(t). What is the greatest common factor of 5 and b?
5
Suppose 4*q - 181 = 2*q - 3*x, -4*q + x + 369 = 0. Suppose -2*b = 2*b - 96. Suppose c + 1 - b = 0. Calculate the greatest common divisor of c and q.
23
Suppose -79 = 8*m - 55. Let c(o) be the second derivative of -o**3/3 + 3*o**2/2 - 2*o. Let a be c(m). Calculate the highest common factor of 45 and a.
9
Let t = 43 + -29. Suppose 4*r = r + 15. Let n(g) = 19*g - 11. Let v be n(r). Calculate the greatest common divisor of t and v.
14
Let k be 6/27 - (-2852)/207. Let z be 7/(39/(-21) - -2). What is the highest common factor of z and k?
7
Let f = 79 + -77. Let m be f/(12/3)*102. What is the greatest common factor of m and 34?
17
Let n be (-1)/3*(3 - 3). Let s(y) = -3*y + 2*y + n*y + 35. Let b be s(0). Calculate the highest common factor of 14 and b.
7
Suppose -a - 4*b = -18, 3*a + 6*b = 2*b + 30. Let k = 4 - a. Let n be (-1 + k)*8/(-2). Calculate the greatest common divisor of 60 and n.
12
Let l = 108 - 4. Suppose 21*a + 52 = 23*a. What is the greatest common divisor of a and l?
26
Let q(p) = p**2 + 37*p + 355. Let y be q(-27). Calculate the highest common divisor of 1445 and y.
85
Let w(v) = -v**2 + 10*v - 18. Let l be w(6). Let a = -25 + 79. Calculate the highest common factor of l and a.
6
Suppose 2*t - 30 = -5*g + t, 0 = -t + 5. Let q = 2 - -1. Suppose g*s = q*p - 25, -3*s + 1 = -p + s. Calculate the greatest common divisor of p and 135.
15
Let a = -195 - -202. Let f be (-3 - -1)/(2/(-13)). Suppose -a = -4*l + f. What is the highest common divisor of 45 and l?
5
Let r = 755 - 733. Let v = -9 + 64. What is the greatest common factor of v and r?
11
Let u be (-210)/(-560) + 3834/16. Let l = -101 + 197. What is the highest common factor of l and u?
48
Let c(f) = -f**3 - 5*f**2 + 11*f - 19. Let n be c(-7). What is the highest common factor of n and 8?
2
Suppose 100*x + 1634 = 8834. What is the highest common divisor of 168 and x?
24
Let w = 3122 + -1034. What is the highest common factor of w and 72?
72
Let b be 60/75*(-1)/(-2)*30. Calculate the highest common divisor of b and 12.
12
Let p be ((-25)/10)/((-2)/4). Let m(t) = 16*t - 93. Let f be m(8). What is the greatest common factor of f and p?
5
Let r(n) = 16*n + 1. Let x be r(-1). Let v be 27/x*(-13 - 2). Suppose -5*g + 18 = -v. Calculate the highest common divisor of 1 and g.
1
Suppose 6*v - 10 = 14. Suppose 86 = v*n - 238. What is the highest common factor of 27 and n?
27
Let k(l) = 6*l**2 + 133*l + 4. Let m be k(-23). What is the highest common factor of 56 and m?
7
Let s = 214 - 167. Calculate the highest common divisor of 94 and s.
47
Suppose -11 = 4*n + b, -2*n - 4*b = -0*b + 16. Let w be 1/n*(-1 - 1). Calculate the greatest common divisor of 1 and w.
1
Let b = -2068 + 2448. What is the highest common divisor of b and 40?
20
Let f be 1*(-3)/(-12) - (-15)/4. Suppose 88 = 4*z - 0*j + 4*j, 3*j - 84 = -f*z. What is the highest common factor of z and 72?
18
Suppose -3*n = -17 - 37. Let b(c) = -c**2 + 29*c + 71. Let t be b(31). Calculate the highest common factor of n and t.
9
Let q = 614 + -607. What is the greatest common factor of 56 and q?
7
Let n be (112*2/6)/(170/2805). Calculate the highest common divisor of 168 and n.
56
Suppose -3*a + 4*f + 25 = -181, f - 196 = -3*a. Suppose -w = -2*w + a. Suppose 5*o = 2*o + w. What is the greatest common divisor of 55 and o?
11
Suppose -1328 = -3*g + 4*b, -707 = 4*g + 5*b - 2519. What is the highest common divisor of 128 and g?
64
Let v = -230 + 255. What is the highest common divisor of 625 and v?
25
Suppose 7*i - 3*i = 3*y - 39, 3*i = 0. Let z(n) be the second derivative of 25*n**3/6 + n**2 + n. Let p be z(2). What is the greatest common divisor of y and p?
13
Let i = -71 + 107. Suppose 195*n - 120 = 190*n. Calculate the greatest common factor of i and n.
12
Suppose -13*o - 7*o = -5000. Let s = 26 - -74. Calculate the greatest common divisor of s and o.
50
Let l = -2 + 3. Suppose 4*n - 11 = 3*g, -5*n = 2*g - 4 - 4. What is the greatest common divisor of n and l?
1
Let t = 1746 + -1722. Suppose 3*x - 360 = -2*x. Suppose u = x + 120. Calculate the greatest common divisor of u and t.
24
Let a(n) = n**2 - 32*n - 1. Let h be a(29). Let t = h + 126. Calculate the greatest common factor of t and 2.
2
Let t = 656 + -614. What is the greatest common divisor of 98 and t?
14
Let o(h) = -136*h - 1052. Let p be o(-8). Suppose 0 = 5*v - 2*v - 1188. Calculate the greatest common divisor of v and p.
36
Let p(f) = 4*f - 30. Let j be p(9). Let d be -5*4/j*9/(-2). Calculate the highest common factor of d and 3.
3
Suppose -2*d - 3*d + 40 = -5*i, 3*i = -4*d + 4. Suppose -d*o + 56 = -8. Calculate the highest common factor of o and 32.
16
Let q be (-354)/10 - (-6)/15. Let h = -19 - q. Calculate the highest common divisor of h and 16.
16
Suppose 0 = -44*n + 43*n. Suppose 11*q - 372 = 7*q + 4*a, n = -3*q + a + 273. Calculate the greatest common factor of q and 36.
18
Let f = 8 + -4. Suppose f*x - 44 = -4*i + i, x - 5 = 0. Let t be (0 - -53) + (i - 5). Calculate the greatest common divisor of 8 and t.
8
Suppose 7*v - 21 - 343 = 0. Let k = -31 + v. Let z = 3 - -81. Calculate the highest common factor of k and z.
21
Let u = -285 - -300. Calculate the highest common divisor of 10 and u.
5
Let d(o) = 6*o + 2. Let y be d(-6). Let h = y - -36. Suppose 0 = -h*a + 7*a - 250. Calculate the highest common divisor of 125 and a.
25
Let y = 45 + -32. Suppose -60 - 69 = -v. Let g = v + -77. What is the highest common factor of g and y?
13
Let g = 255 - 40. Let j = -149 + g. Suppose -11*t + 9 = -57. Calculate the greatest common factor of t and j.
6
Let z be (2/(-1))/((-186)/(-96) + -2). What is the highest common divisor of z and 40?
8
Suppose -5*c = -2*z - 50, -5*c + 3 = z - 2. Let l(i) = -4*i + 20. Let w be l(z). What is the highest com